. Suppose n*t - p = -2*p + 52, t + p = 14. List the prime factors of t.
19
Let t = 11 + -6. Suppose -2*q + 106 = 5*v, -t*v + q - 4*q + 109 = 0. What are the prime factors of v?
2, 5
Suppose -3*g = -2*v + 60, -3*g + 164 = 5*v - 7*g. Suppose 0 = -z + 3*s + s + v, 5*z - 4*s - 100 = 0. What are the prime factors of z?
2
Let a(k) = -2*k**2 + 3*k. Let f be a(2). Let t be -19*(f + 3 + -2). Let i = 29 - t. List the prime factors of i.
2, 5
Let f(g) = g**3 + 3*g**2 - 5*g + 1. What are the prime factors of f(3)?
2, 5
Suppose 6*t - 3 = 5*t. Suppose z = t*c - 24, 0 = -2*c + 5*z + 2 + 1. List the prime factors of c.
3
Let n(y) = y**2 - 6 - 2 - 9*y - y. What are the prime factors of n(12)?
2
Suppose -5*m - 30 = -2*w - m, m + 2 = 0. Suppose 5*k - w - 64 = 0. List the prime factors of k.
3, 5
Suppose 0 = -2*q - 3*q. Suppose -2*d + 1 + 3 = q. Suppose -4*i = -2*w - 24, 2*i + d*w - 18 = -0*w. List the prime factors of i.
7
Let u(i) = -i**2 + 7*i + 4. Let p be u(4). Let b be ((-2)/(-2))/(-1) + p. Suppose 4*c = -g + 3*c + 14, 5*c - b = 0. List the prime factors of g.
11
Let p(c) = -c + 9. Suppose 1 + 1 = -v, 4*v = 5*f - 23. Suppose -f*i + 1 + 20 = 0. List the prime factors of p(i).
2
Let t = -26 + 39. Let c = -4 + t. List the prime factors of c.
3
Suppose 55 + 2 = 3*z. What are the prime factors of z?
19
Let g = -10 + 12. Suppose g*u - 9 = u. List the prime factors of u.
3
Let l(w) = -3*w. Let b(h) = -11*h. Let s be b(1). What are the prime factors of l(s)?
3, 11
Suppose -2 = v, -243 = 2*h + 5*v + 41. Let p = -97 - h. Suppose -y + 22 = 3*o, -2*y + o - p = -7*y. List the prime factors of y.
7
Let x(o) = 2*o**2 - 17*o + 23. List the prime factors of x(16).
263
Let w = 92 + -73. What are the prime factors of w?
19
Let l = 15 - -30. Suppose l = 4*d - d. Suppose -2*p + d = -9. What are the prime factors of p?
2, 3
Suppose -4*x - 3*c - 46 = -658, 2*x + 5*c = 320. List the prime factors of x.
2, 3, 5
Suppose 6*v = 5*h + 4*v - 489, 3*h = 5*v + 282. List the prime factors of h.
3, 11
Suppose -r = 4*r - 15. Suppose r*f + 9 - 42 = 0. Let h = f + -8. List the prime factors of h.
3
What are the prime factors of 4/3*3102/44?
2, 47
Suppose 5*i + k + 5 = -4*k, 2*i + 8 = k. Let p = 5 + i. Suppose -p*n = -11 + 1. List the prime factors of n.
5
Suppose 0 = -3*b + 6 + 3. Suppose -n = b*n. Let v = n - -4. What are the prime factors of v?
2
Suppose 2*i + 302 = 2*d, -2*d + 4*i + 177 + 131 = 0. List the prime factors of d.
2, 37
Let m = -3 - -1. Let k = -1 - m. List the prime factors of -11*(-1)/(k - 0).
11
Suppose 2*a - 162 = 42. What are the prime factors of a?
2, 3, 17
Let v(x) = -x**2 + 5*x + 8. Let q be v(7). List the prime factors of (-2)/3 + (-76)/q.
2, 3
Let t = 101 - 91. What are the prime factors of t?
2, 5
Let r(m) = -2*m**2 - 1 + 3*m**2 + 0*m**2 + 2*m. What are the prime factors of r(3)?
2, 7
Let t(g) = 2*g + 1. Let v be t(-1). Let x be (3/3)/(v/(-3)). Suppose p + 5 = o, 3*p - 5 = -x*o + p. List the prime factors of o.
3
Suppose -4*g - s - 4 = -60, -12 = 3*s. Suppose 4*h + g = 119. List the prime factors of h.
2, 13
Suppose 5*i + 21 = 2*a, 2*a + a - 3*i - 36 = 0. Suppose 0*q = -2*f + 3*q + 27, 2*q + a = f. What are the prime factors of f?
3, 5
Suppose -4*f + 32 = -80. Suppose 0 = -2*a + 3*p - f, 0 = -0*a + 3*a + p + 31. Let j = a + 22. List the prime factors of j.
11
Let v(b) = b**3 - b**2 - 2*b. Let i = -9 + 11. Let f be v(i). Suppose f*l = 2*l - 18. List the prime factors of l.
3
Let j = -7 - -11. Suppose 5*l + 892 = -5*g + 257, -4*l + 468 = -j*g. What are the prime factors of g/(-14) - (-4)/14?
3
List the prime factors of 10 - -22 - (1 + 0).
31
Suppose 3*f - 3*c = -0*f + 117, -2*c = f - 27. What are the prime factors of f?
5, 7
Let a(d) be the third derivative of -d**4/24 + d**3/2 - 4*d**2. List the prime factors of a(0).
3
Let b(x) = 4*x**2 + 3*x + 4. List the prime factors of b(-2).
2, 7
Let m = 578 - 307. What are the prime factors of m?
271
Let d(n) = -6*n**2 - 3*n - 1. Let o be d(-2). Let x = -13 - o. List the prime factors of x.
2, 3
Suppose 4*r + 3*b - 102 = 6, 0 = -5*r + 3*b + 108. List the prime factors of r.
2, 3
Suppose -37 = -h + 2*a, -93 = -4*h - 11*a + 8*a. What are the prime factors of h?
3
What are the prime factors of (-11)/((-385)/10) - (-836)/14?
2, 3, 5
Let u(d) be the first derivative of -2*d**2 - 6*d - 2. Let y be u(-5). Let r = y - 4. List the prime factors of r.
2, 5
Suppose 3*m - 444 = -4*q + q, -4*q = m - 601. What are the prime factors of q?
151
Let h(t) = -11*t**3 - t**2 - 2*t - 1. Let g = 7 + -9. Let l be (1 - (-1)/(-2))*g. List the prime factors of h(l).
11
Suppose -41 = -0*b - b + 5*z, 5*b - 70 = -2*z. What are the prime factors of b?
2
List the prime factors of ((-30)/(-8))/(36/480).
2, 5
Let k(c) = 7*c**2 - 4*c - 6*c**3 + 5*c**3 + 0*c**3 + 6*c - 2. Let n = -14 - -21. List the prime factors of k(n).
2, 3
Suppose -m = -8 - 0. Let l = m - 4. List the prime factors of l.
2
Let p = -6 + 17. Suppose -5*s - p = -41. List the prime factors of s.
2, 3
Let i(l) = 2*l. Let b be i(1). Suppose 4*a = 2*s + 34, -5*s + b*a - a = 40. Let w = -3 - s. What are the prime factors of w?
2
Suppose 4*w + 38 = 2*j, 4*w - 30 = -2*j + 24. What are the prime factors of j?
23
Suppose -7*c + 1160 = 3*c. What are the prime factors of c?
2, 29
Let l(f) = f**3 - 4. Let q be l(3). Suppose -4*v = -3*v + 4*p - q, -3*p = 4*v - 53. What are the prime factors of v?
11
Let p be (-36)/24*4/(-3). Suppose -2*a - 88 = -4*y + p*a, 2*y = -a + 53. What are the prime factors of y?
5
Suppose r = 2*r - 5. Suppose -d - 5 = -2*o, 4*d + r*o - 34 = -2. List the prime factors of 3/1 + d + -2.
2
Let p = -29 - -66. List the prime factors of p.
37
Suppose 2*y = -4*x + 42, x - 6*y - 24 = -2*y. List the prime factors of x.
2, 3
Let f(y) = 7*y. Let m be f(3). Suppose -m = -3*l - 0*l. List the prime factors of l.
7
Let f(d) = d**2 + d. Let i be f(1). Suppose -i*c = c - 60. Suppose -5*g + c = 5*u - 25, -2*u = 5*g - 51. List the prime factors of g.
11
Let o(p) = -p - 2. Let t(g) = g**2 - 2. Let r be t(3). Let x be o(r). List the prime factors of -3*3/x*8.
2
Let n be 108/20 + (-4)/10. Let i be 2 + -1 + 1 + -1. List the prime factors of (i + 0)/(n/20).
2
Let d(s) = -s**3 - 12*s**2 - 12*s - 3. Let w be d(-11). Let r = 14 - w. List the prime factors of r.
2, 3
Suppose -9 = -7*g + 131. What are the prime factors of g?
2, 5
Let q(n) = -1. Let j(b) = -b - 20. Let y(t) = -j(t) + 2*q(t). Suppose 4*h + 2 = s, -3*s - h = -3*h + 24. What are the prime factors of y(s)?
2
Suppose 1050 - 170 = 4*l. What are the prime factors of l?
2, 5, 11
Suppose t = z + 2*t - 28, 3*z - 2*t = 59. What are the prime factors of z?
23
Suppose k - 5*a = 5*k - 71, -a - 125 = -5*k. Suppose 3*m + 0*m - k = 0. List the prime factors of m.
2
List the prime factors of (-4)/((-20)/175)*1.
5, 7
Let n(k) be the third derivative of -k**5/60 + 3*k**4/8 + 7*k**3/6 - k**2. Let i be n(10). List the prime factors of i/((-1)/(-16)*-6).
2
Suppose -3*f - 3*h = -27, 0 = 3*h + 13 - 1. List the prime factors of f.
13
Let q be 4/10 + (-16)/(-10). Let c = 7 + q. Let m = c - 4. List the prime factors of m.
5
Let f be -45 + (-3 - 0)/3. Let v = f + 68. List the prime factors of v.
2, 11
Suppose 520 - 140 = 5*h. What are the prime factors of h?
2, 19
Let k = -5 - 1. What are the prime factors of (-18)/k - 28/(-2)?
17
Let j(r) = -r + 11. Let m be j(10). Suppose 2 = -3*d - 5*s, 4*d + 3*s = 2 - m. Suppose -d - 7 = -4*f. What are the prime factors of f?
2
Suppose -3*h + 15 = 6. Let j(f) = 1. Let m(w) = w**3 - w**2 - 2*w - 3. Let r(p) = 2*j(p) + m(p). List the prime factors of r(h).
11
Suppose 41 = 3*c - 31. What are the prime factors of c?
2, 3
Suppose 4*z = -t + 21, 0*z + 2*z - 18 = -2*t. Suppose -100 = -z*h + 20. List the prime factors of h.
2, 3, 5
Suppose 0 = 5*l + 2*d - 497, -4*l + 239 + 162 = 5*d. What are the prime factors of l?
3, 11
Suppose -2*t - 107 = -6*r + 3*r, -2*t - 4*r - 86 = 0. Let z = t + 13. What are the prime factors of (-1)/(z/33 + 1)?
11
Let b = 14 + -7. Suppose -b = -5*m + 38. What are the prime factors of m?
3
Let g = 10 - 8. Let w(k) = k**2 + 2. What are the prime factors of w(g)?
2, 3
Let d = -5 - -1. What are the prime factors of (-344)/(-16) + (-2)/d?
2, 11
Let x be (-2)/9 - 416/72. Let f = 28 + -9. Let y = f + x. List the prime factor